mon factor of 42 and o.
14
Let p(l) = 28*l**2 - 54*l + 151. Let o be p(3). What is the greatest common divisor of o and 5?
1
Let c(m) = m**3 + 8*m**2 + 9*m - 9. Let z be c(-5). Let b = 332 + -233. Suppose 2*x - 237 = b. Calculate the highest common divisor of x and z.
21
Suppose 540 = 6*a - a. Suppose 12*l = 32*l - 1600. Let j = a - l. What is the highest common factor of 28 and j?
28
Suppose 2371*q - 1538460 = 2112*q. Calculate the highest common divisor of q and 88.
44
Let g = -35 + 48. Suppose 6*k - 55 = -g. Let h be (k/(-14))/(1/(-70)). What is the highest common factor of h and 14?
7
Let l = -5 + 26. Suppose 59*f - 16751 + 2265 = -857. Calculate the greatest common factor of l and f.
21
Let a be ((-6)/10)/(-6 - 8690/(-1450)). Suppose a = r - 25. Calculate the highest common factor of r and 84.
28
Let u(z) = z**2 - z + 102. Let x be u(0). Let v = -271555 + 271561. What is the highest common divisor of x and v?
6
Let k(m) = 14*m**2. Let c be k(-1). Suppose -c = -4*l + 54. Suppose -70*i + 67*i - 103 = -5*u, 0 = 2*u + i - 28. Calculate the highest common factor of l and u.
17
Let r(u) = -62*u - 38. Let s = 153 - 97. Let p = s - 61. Let q be r(p). Calculate the highest common factor of 34 and q.
34
Let p = -407 + 466. Suppose k - 4*g - 89 - p = 0, -444 = -3*k - 4*g. Calculate the greatest common factor of 74 and k.
74
Let j = -12852 - -13069. What is the highest common divisor of 2015 and j?
31
Suppose 6*n - 263 = 643. Let k = 176 - n. Calculate the greatest common divisor of 200 and k.
25
Let q be 26*(486/(-432))/((-6)/8). Calculate the highest common divisor of q and 13533.
39
Let g = -241 - -253. Suppose -39*k + g*k + 1458 = 0. What is the greatest common divisor of 432 and k?
54
Let x(s) = -s**3 + 57*s**2 + s - 45. Let h be x(57). What is the highest common factor of 156 and h?
12
Suppose -45*a + 1168 = -92. Let k(n) = 19*n - 4. Let o be k(-7). Let c = o - -221. What is the greatest common divisor of a and c?
28
Let m be 164/16 - 1/4. Let b(w) = -5*w - 34. Let p be b(-8). Let o be (-3)/p*-9 + 5/(-10). Calculate the highest common factor of o and m.
2
Let l be 0 - (-1205)/40 - (-1)/(-8). Let a be 1 - -2 - (1 - 19). Let j = l - a. What is the highest common divisor of j and 3?
3
Let m be ((-33)/2)/((-54)/56 + 1). Let o be 1 + (-96)/18 + 2/(-3). Let j be m/(-15) + 9/o + 2. Calculate the greatest common divisor of j and 124.
31
Suppose -2*f = 3*f - 3*c + 3, -4*c + 4 = 0. Suppose 4*d = -f*d, -d = -4*k + 148. Calculate the highest common divisor of 37 and k.
37
Suppose -2*k = -5*l - k + 22, 5*k = 15. Suppose -92 = -l*o - 2*f, 0*o + 96 = 5*o + f. What is the highest common divisor of 80 and o?
20
Let d = 192 + -140. Suppose d + 308 = 18*a. Calculate the highest common divisor of a and 60.
20
Let n be (-1 - -3) + 3 - -1 - (9 + -43). Calculate the highest common divisor of 2680 and n.
40
Let h = 15 - -13. Let z be 4*(-2)/(-60) + 3094/(-30). Let d = z - -173. What is the greatest common divisor of h and d?
14
Let l = -3715 - -3787. Calculate the highest common factor of l and 477.
9
Suppose 52 = 2*f + 10. Let o(r) be the second derivative of 11*r**4/6 - r**3/2 - 4*r. Let m be o(3). What is the greatest common divisor of f and m?
21
Suppose -5*g - 22 = -2*b - 9, 0 = -5*g + 15. Let f be (8/b)/(-10 - 11920/(-1190)). What is the greatest common factor of 544 and f?
34
Let a be -1 + 49 + (1 - 0). Let j(y) = 5 + 439*y**2 + 120*y - 230*y + 113*y. Let n be j(-1). Calculate the greatest common factor of a and n.
49
Suppose 206172 = -226*j + 453*j - 218*j. What is the greatest common factor of j and 747?
249
Suppose 3*c - 25 = -2*c. Let u = c + 1. Let b = -153 + 165. What is the greatest common factor of u and b?
6
Suppose n - 3*z + 32 - 49 = 0, 2*n - 24 = z. Let y(k) = k**2 - k - 19. Let s be y(0). Let t = n - s. What is the highest common divisor of t and 40?
10
Let p(a) = a**3 + 8*a**2 - 7*a - 10. Let y be p(-7). Let f = -1 - -1. Suppose -u + 10*u - 99 = f. Calculate the greatest common factor of u and y.
11
Let o(y) = -4*y**2 - 88*y - 414. Let w be o(-13). Calculate the highest common divisor of w and 50.
2
Let r(x) = x**2 + 2*x + 55. Let h be r(-10). Let s(k) = -2*k**3 - 26*k**2 - 4*k - 7. Let b be s(-13). What is the highest common divisor of h and b?
45
Let c(m) be the first derivative of 4*m**2 + 182*m - 110. Let u be c(-9). Calculate the highest common divisor of u and 10.
10
Suppose 4*h + 24 = 184. Suppose 105 = -2*k + 5*k. Suppose k*z = 40*z - h. What is the highest common factor of z and 20?
4
Suppose -5*y = -43*p + 41*p - 117, -64 = -3*y - 5*p. Suppose 5*b = -3*j + 805, 0 = 4*b + 5*j - 3*j - 644. Calculate the highest common factor of y and b.
23
Suppose 0 = -4*y + 22*k - 25*k + 765, -3*k - 936 = -5*y. What is the greatest common factor of 7 and y?
7
Let m be ((-4)/(-40))/(1/12)*95. Calculate the highest common divisor of m and 741.
57
Let a be 137 - ((-7 - (0 - 3)) + 1). What is the greatest common factor of a and 2184?
28
Let b be 9 - 17 - -10 - 13121*-2. Calculate the greatest common divisor of 72 and b.
36
Suppose 95 = -2*r + 152 + 185. What is the greatest common factor of 671 and r?
11
Suppose -662 = -2*v + 10. Suppose -13*u + 9*u + v = 0. Suppose 35 - u = -7*n. Calculate the greatest common divisor of n and 98.
7
Let t(x) = -2*x**3 + 76*x**2 + 15*x + 55. Let m be t(38). Calculate the highest common divisor of 25 and m.
25
Suppose w + 20378 = 5*p, p = -3*w + 7*w + 4087. What is the highest common factor of 125 and p?
25
Let c be 10 - ((-12)/(-2) + -3). Suppose k - 73 = -c. Let i = 341 - k. What is the highest common factor of 25 and i?
25
Let f(z) = 2*z**2 - 4*z + 3. Let p be f(3). Let x(b) = 14*b + 70. Let d be x(18). Let i = d - 223. Calculate the highest common divisor of i and p.
9
Let c = 113 + -66. Let w = -28 + c. Let m = w - -102. What is the highest common factor of 11 and m?
11
Let a(z) = -31*z - 4. Let h be a(-3). Let i be (-26)/(-13) - (-26 - -2). Suppose -5*s + i = -h. Calculate the highest common factor of s and 92.
23
Suppose -141*l - 87*l = -1209768. Calculate the greatest common factor of 56 and l.
14
Suppose 2*k + 32 + 26 = 0. Let f = -17 - k. Let i(d) = 401*d + 2029. Let n be i(-5). Calculate the highest common factor of f and n.
12
Suppose 0 = -26*k + 1125 + 4803. What is the greatest common divisor of k and 2432?
76
Let s be (-28 - -37)*484/18. Let o(n) be the second derivative of 11*n**3/6 + 4*n. Let g be o(2). Calculate the greatest common divisor of g and s.
22
Let f be (45/30)/(1/6). Let n be f/(-18) + 63/2. Suppose 4*w + 14*v - 1101 = 9*v, -4*w = 2*v - 1110. What is the highest common divisor of w and n?
31
Suppose -105*o + 3458 = 11*o - 2226. Let i(t) = -t**2 - 9*t - 7. Let f be i(-7). Calculate the highest common divisor of f and o.
7
Let d(r) = 2*r**2 - 106*r + 1559. Let y be d(17). What is the greatest common factor of y and 35?
5
Let d be (-42)/(-10) - (-5 - -7)/10. Suppose -d*k + 1215 = 5*k. Suppose -3*u - k = -510. Calculate the highest common divisor of 25 and u.
25
Let r = 7555 - 2830. What is the highest common factor of 105 and r?
105
Suppose 0 = 9*y - 18 - 414. Let s be (y/(-20))/(20/(-250)). Let p be ((-36)/4)/((-3)/2). Calculate the greatest common divisor of p and s.
6
Let n(v) = 3*v**2 - v. Let h be n(-3). Let q = 47483 - 47413. Calculate the highest common factor of q and h.
10
Suppose -51*f + 36096 = -26889. What is the highest common divisor of 65 and f?
65
Let c = -2737 + 2758. Let w = 88 + 24. Calculate the greatest common factor of c and w.
7
Suppose 6*h = 8*h + q - 144906, 2*q + 72458 = h. Calculate the highest common divisor of h and 34.
34
Suppose 1253 = -s + 1254. What is the greatest common factor of 406 and s?
1
Suppose 3*n = -n - 5*x + 25, 5*n - x = 24. Let g be n*((-92)/10 - -2). Let r = -26 - g. Calculate the highest common divisor of r and 40.
10
Let d(v) = v + 3. Let y(l) = 8*l + 123. Let x(m) = 6*d(m) + y(m). Let t be x(-10). What is the highest common divisor of 37 and t?
1
Suppose 5*b - 4*q - 3705 = 0, -7*q = 5*b - 3*q - 3665. What is the greatest common factor of b and 67?
67
Let i = 1750 + -1708. What is the greatest common factor of 252 and i?
42
Let u(t) = 235*t**2 - 39*t - 38. Let s be u(-1). What is the greatest common factor of s and 1770?
118
Suppose 6*f - 486 = -21*